833815 is divided by 69483?
19
What is the remainder when 80019 is divided by 20?
19
Calculate the remainder when 1839 is divided by 133.
110
Calculate the remainder when 13994 is divided by 2797.
9
Calculate the remainder when 33543 is divided by 2276.
1679
What is the remainder when 188869 is divided by 8?
5
What is the remainder when 3214698 is divided by 61?
59
What is the remainder when 6885 is divided by 42?
39
What is the remainder when 11185 is divided by 597?
439
Calculate the remainder when 39807 is divided by 100.
7
Calculate the remainder when 18563 is divided by 91.
90
What is the remainder when 38419 is divided by 409?
382
Calculate the remainder when 181575 is divided by 701.
16
Calculate the remainder when 1897 is divided by 972.
925
What is the remainder when 705 is divided by 176?
1
Calculate the remainder when 4757327 is divided by 18.
17
What is the remainder when 913 is divided by 703?
210
Calculate the remainder when 1814 is divided by 742.
330
What is the remainder when 14552 is divided by 25?
2
What is the remainder when 326531 is divided by 43?
32
Calculate the remainder when 393779 is divided by 367.
355
Calculate the remainder when 18285 is divided by 155.
150
What is the remainder when 111675 is divided by 510?
495
Calculate the remainder when 10821 is divided by 373.
4
Calculate the remainder when 4744 is divided by 473.
14
Calculate the remainder when 56336 is divided by 4331.
33
What is the remainder when 2683 is divided by 437?
61
Calculate the remainder when 1088 is divided by 123.
104
What is the remainder when 31660 is divided by 4?
0
What is the remainder when 84940 is divided by 234?
232
Calculate the remainder when 25412 is divided by 8430.
122
What is the remainder when 218067 is divided by 32?
19
What is the remainder when 24702 is divided by 449?
7
Calculate the remainder when 898806 is divided by 840.
6
What is the remainder when 29286 is divided by 30?
6
What is the remainder when 18923 is divided by 593?
540
Calculate the remainder when 7299 is divided by 149.
147
Calculate the remainder when 997877 is divided by 520.
517
What is the remainder when 419 is divided by 28?
27
What is the remainder when 25018 is divided by 1470?
28
What is the remainder when 2140 is divided by 2083?
57
What is the remainder when 7595195 is divided by 169?
166
What is the remainder when 232966 is divided by 112?
6
Calculate the remainder when 2851 is divided by 1343.
165
Calculate the remainder when 42894 is divided by 14261.
111
What is the remainder when 146524 is divided by 304?
300
Calculate the remainder when 56952 is divided by 169.
168
What is the remainder when 5953 is divided by 1720?
793
What is the remainder when 6914 is divided by 1149?
20
What is the remainder when 529869 is divided by 266?
263
Calculate the remainder when 179541 is divided by 59846.
3
What is the remainder when 31687 is divided by 5?
2
What is the remainder when 1888 is divided by 255?
103
Calculate the remainder when 3678 is divided by 1488.
702
What is the remainder when 124239 is divided by 16?
15
What is the remainder when 966244 is divided by 6077?
1
Calculate the remainder when 165121 is divided by 14.
5
Calculate the remainder when 95695 is divided by 517.
50
Calculate the remainder when 11848 is divided by 440.
408
Calculate the remainder when 6141 is divided by 532.
289
Calculate the remainder when 1944 is divided by 52.
20
What is the remainder when 27202 is divided by 461?
3
What is the remainder when 14153 is divided by 233?
173
What is the remainder when 11344 is divided by 98?
74
What is the remainder when 1268749 is divided by 179?
176
What is the remainder when 57461 is divided by 32?
21
Calculate the remainder when 4205256 is divided by 71.
68
What is the remainder when 1067554 is divided by 445?
444
Calculate the remainder when 2275 is divided by 18.
7
What is the remainder when 99446 is divided by 221?
217
Calculate the remainder when 40992 is divided by 8193.
27
What is the remainder when 585103 is divided by 38?
17
Calculate the remainder when 9648 is divided by 1926.
18
What is the remainder when 4851 is divided by 18?
9
Calculate the remainder when 29681 is divided by 1058.
57
What is the remainder when 4382 is divided by 1050?
182
What is the remainder when 64659 is divided by 472?
467
What is the remainder when 17891 is divided by 472?
427
Calculate the remainder when 5523 is divided by 31.
5
Calculate the remainder when 16209 is divided by 7583.
1043
Calculate the remainder when 30411 is divided by 411.
408
What is the remainder when 5240 is divided by 196?
144
Calculate the remainder when 2117 is divided by 380.
217
Calculate the remainder when 168592 is divided by 2634.
16
Calculate the remainder when 41629 is divided by 5171.
261
Calculate the remainder when 676 is divided by 272.
132
Calculate the remainder when 102699 is divided by 69.
27
Calculate the remainder when 4526 is divided by 1129.
10
Calculate the remainder when 19213 is divided by 1598.
37
Calculate the remainder when 100431 is divided by 196.
79
What is the remainder when 6298 is divided by 3?
1
Calculate the remainder when 8944 is divided by 7.
5
Calculate the remainder when 360873 is divided by 12.
9
What is the remainder when 74654 is divided by 777?
62
Calculate the remainder when 25696 is divided by 80.
16
Calculate the remainder when 5043058 is divided by 491.
488
What is the remainder when 7106 is divided by 747?
383
What is the remainder when 403918 is divided by 201948?
22
Calculate the remainder when 3148 is divided by 261.
16
Calculate the remainder when 12384 is divided by 19.
15
Calculate the remainder when 296 is divided by 1.
0
Calculate the remainder when 126178 is divided by 1301.
1282
Calculate the remainder when 161201 is divided by 56.
33
What is the remainder when 22278 is divided by 4448?
38
Calculate the remainder when 14010 is divided by 796.
478
What is the remainder when 747 is divided by 384?
363
What is the remainder when 83933 is divided by 831?
2
Calculate the remainder when 1242082 is divided by 596.
18
Calculate the remainder when 54386 is divided by 309.
2
Calculate the remainder when 15904 is divided by 54.
28
Calculate the remainder when 680180 is divided by 402.
398
Calculate the remainder when 332703 is divided by 74.
73
Calculate the remainder when 8206 is divided by 1202.
994
Calculate the remainder when 212649 is divided by 54.
51
Calculate the remainder when 372696 is divided by 11.
5
Calculate the remainder when 15237 is divided by 20.
17
What is the remainder when 19361 is divided by 1382?
13
What is the remainder when 32182 is divided by 670?
22
Calculate the remainder when 449 is divided by 327.
122
Calculate the remainder when 95854 is divided by 458.
132
Calculate the remainder when 10224 is divided by 10046.
178
Calculate the remainder when 2505 is divided by 2083.
422
Calculate the remainder when 22069 is divided by 27.
10
What is the remainder when 11495 is divided by 463?
383
Calculate the remainder when 25727 is divided by 12701.
325
Calculate the remainder when 2316456 is divided by 1158221.
14
What is the remainder when 174776 is divided by 149?
148
Calculate the remainder when 267903 is divided by 12.
3
What is the remainder when 5526 is divided by 81?
18
Calculate the remainder when 6258 is divided by 3129.
0
Calculate the remainder when 3413 is divided by 57.
50
Calculate the remainder when 8343 is divided by 194.
1
Calculate the remainder when 73086 is divided by 12.
6
What is the remainder when 759912 is divided by 117?
114
What is the remainder when 824 is divided by 122?
92
Calculate the remainder when 3431 is divided by 104.
103
Calculate the remainder when 1155 is divided by 11.
0
What is the remainder when 8961 is divided by 104?
17
What is the remainder when 28673 is divided by 623?
15
What is the remainder when 455179 is divided by 41?
38
What is the remainder when 1249 is divided by 369?
142
What is the remainder when 506 is divided by 179?
148
What is the remainder when 120748 is divided by 1041?
1033
Calculate the remainder when 978 is divided by 958.
20
Calculate the remainder when 782 is divided by 133.
117
What is the remainder when 102513 is divided by 102503?
10
Calculat